 - 0).
-1
Evaluate -1 + 9 - (-2 + 5).
5
What is (3 - 5) + (1 - 1 - -3)?
1
Evaluate 25 + -24 - (-5 + 1).
5
What is the value of -10 - (-8 - 2 - -5)?
-5
What is the value of -5 - (6 - 5 - 2 - 4)?
0
What is the value of -17 + 17 + (1 - -6) - 5?
2
Calculate -9 + -2 - (3 - (3 + 5)).
-6
What is the value of -14 + (3 - -25) - (-1 + 7)?
8
(5 - (-2 - 2)) + -7
2
What is -1 - (-9 - -7) - 0?
1
Evaluate -5 + (-8 - -18 - 2).
3
-4 + 1 + (1 - -2)
0
Evaluate 1 - ((4 - (3 - -2)) + 2).
0
Calculate 0 + -2 - (-4 + 7).
-5
Evaluate 4 + -1 + 1 + -3.
1
(-4 - 7) + 3 + -2 + 4
-6
What is (-8 - -4) + 1 - (-2 + -3)?
2
-2 + (-4 - -4) + 4
2
5 + 0 - (20 + -10)
-5
Calculate -5 + (-1 - (-12 + 2 + 6)).
-2
What is 2 - (-7 + 7 + -6) - 7?
1
Calculate -2 + -4 - (8 + 1 + -11).
-4
Calculate 0 + -2 + 0 + (-78 - -80).
0
What is 7 + -7 - (-2 + -1)?
3
(5 - -1) + (8 - 11)
3
What is -19 - -10 - 4 - -6?
-7
What is the value of -12 - -1 - 8 - -10?
-9
5 + -1 + (2 - 2)
4
What is (-3 - (-8 - -3)) + -6 - -4?
0
What is the value of 6 + 0 + 11 + -9?
8
What is the value of 9 - (5 + -4 + 1)?
7
(-2 - 1) + (17 - 10)
4
Calculate 1 - (-6 - (7 + -3) - -6).
5
What is 2 + 1 + -5 + 32 + -30?
0
Calculate 9 + (-2 + 2 + -3 - 1).
5
Calculate 2 + (3 - 2) + 3 + -1.
5
Calculate -5 + (-3 - -12 - 5).
-1
Calculate (-4 - (-10 + (-4 - -4))) + -6.
0
Evaluate ((8 - 2) + -5 - 3) + 7.
5
Calculate -5 + -1 - (14 + -15).
-5
Calculate -1 + (9 - 3 - -1) - 3.
3
-5 - (0 - -2) - (17 + -20)
-4
What is the value of (2 - 4) + -12 - (23 + -27)?
-10
Evaluate (-7 - (-5 + -2) - 14) + 7.
-7
Calculate 0 + 3 - (16 - 17).
4
10 + -15 + 1 + 3
-1
Evaluate 3 - (0 - 2) - (-21 - -20).
6
What is the value of (2 - (6 - 0)) + 5 + -11?
-10
Evaluate -2 - (6 + -6) - (3 - 3).
-2
What is the value of -6 + -11 + 9 + 3?
-5
Evaluate -2 + -4 - ((-3 - -2) + 1).
-6
What is the value of 4 - 1 - -4 - 7?
0
What is -1 - (-3 + 4 - 6)?
4
Evaluate -3 + 1 + (0 - -4).
2
What is (2 - 1) + 10 + -6 + -3?
2
Calculate -19 - (3 - 5 - 7).
-10
What is (-2 - (-3 + -2)) + 0?
3
Evaluate (10 - 3 - (-4 + 19)) + 7.
-1
What is -1 + -2 - (6 - -1 - 11)?
1
Evaluate -4 + -4 + -2 + -4 + 7.
-7
Evaluate -5 - -6 - -3 - 6.
-2
Evaluate -10 + 15 + -10 - -13.
8
What is the value of -2 - -3 - 5 - -2?
-2
What is the value of -1 + (12 - -5) - (7 - -2)?
7
Evaluate -1 + -6 + 9 + (1 - 1).
2
What is the value of 14 - (3 + 3 + 2)?
6
Evaluate 10 + -8 + 5 + 0.
7
Calculate 1 + (-2 - (-5 + -4 + 4)).
4
Evaluate 2 - (-4 + -10 + 7).
9
What is the value of -2 + 3 + 3 - 1?
3
-5 - (-10 - -3) - (9 - -2)
-9
Evaluate 7 - (-4 - (1 + -8)).
4
-6 + 13 + 1 - 12
-4
What is -15 + 7 - (2 + (-3 - 15))?
8
Calculate 1 + (6 - (0 + -4 - -6)).
5
Evaluate (4 + 2 - 9) + (4 - -2).
3
Calculate -1 + -2 - (-2 + -5 - -1).
3
(-1 - -8) + -22 + 19
4
-9 + 1 + (9 - 21) + 18
-2
(6 - 2) + (1 - 3) + 4
6
What is -2 + 16 + 6 + -13?
7
What is -2 + (11 + -3 - (-6 + 8))?
4
What is the value of (7 - (5 - (4 + -6))) + -4?
-4
2 + 3 + (-41 - -36)
0
Calculate -57 + 52 + 7 + -2.
0
What is (1 - 0) + -2 + 2 + 1?
2
Calculate (-1 - 4) + (-3 - -5) + 0.
-3
What is the value of -2 + -2 + (-2 - -2 - -3)?
-1
Calculate 7 + 5 + (-3 - 4) + -8.
-3
Calculate -6 - -3 - (77 + -74).
-6
-3 + (-4 + 7 - -1)
1
What is (-1 - (-1 - -3)) + 4?
1
169 + -163 + 1 + -7 + 0
0
(2 - (4 + -2)) + 2 - 1
1
0 - -3 - (9 + -8) - 1
1
Evaluate (5 - (1 + -3)) + (-211 - -195).
-9
Calculate -4 + (9 - (-7 + 10)).
2
(-1 - -2) + (-2 - -1) + 2
2
(29 - 19) + -3 + -6
1
Calculate -3 + -7 + (1 - (3 - 7)).
-5
What is 16 + -15 - (4 + -1)?
-2
Calculate -6 - (0 + 3 + -3) - 1.
-7
What is -3 - (-1 - -2) - (35 - 41)?
2
Evaluate (-33 - -42) + (1 - 2).
8
-8 + (-11 - -4 - -12)
-3
5 - 16 - (-3 - 2)
-6
What is the value of 1 - -3 - (9 + -10)?
5
Calculate 2 + -6 + -1 + (11 - 7).
-1
Calculate -8 + (3 + -10 + 5 - -6).
-4
Evaluate 21 + -21 - (1 + -4).
3
-3 + (5 - 3) - -3
2
-9 + 9 + (-2 - -1) + 5
4
(-4 - (-1 + 4)) + 5
-2
What is -9 - (-5 + (2 - -2)) - -4?
-4
What is the value of -3 - (-1 + -5 + 4 + 2)?
-3
Calculate -2 + 11 + (8 - 10) + -16.
-9
(-4 + 3 - 10) + 4 + 2
-5
What is the value of 0 - -3 - (-9 + 13) - 0?
-1
Evaluate -3 + (13 - 3 - 7).
0
2 - 1 - (3 - (-3 - -2))
-3
What is the value of (3 - (0 - (-5 - -3))) + 4?
5
(-8 - -14) + -11 + -3 + 1
-7
What is the value of 1 + 0 + -2 + (7 - 3)?
3
Evaluate -25 + 16 - (0 - 7 - -2).
-4
What is -1 + 1 + 2 - (0 + 0)?
2
Calculate 9 + -15 + 18 - 4.
8
1 + -2 - -10 - 4
5
Evaluate 1 + -4 + -3 + 5.
-1
Calculate -9 + 6 + 2 - (-4 - -1).
2
What is the value of -4 + 2 + -1 + (0 - -1)?
-2
What is the value of (-12 - -17) + -8 + -6?
-9
What is the value of 4 - (-3 - -7) - (6 + 1)?
-7
-8 - (6 - (12 - 6) - -2)
-10
Evaluate (0 - -1) + (-5 - -3) + 3.
2
Calculate 2 - 2 - (-6 + 8).
-2
What is the value of (-14 - (-16 + 10)) + 3?
-5
What is 0 + 1 - (108 - 103)?
-4
8 + 4 + -14 - 1
-3
(6 + 3 - 9) + -1
-1
Calculate 7 - ((7 - -1) + 1).
-2
What is 7 + 0 + -4 - 0?
3
What is -1 + (1 - 1) - -6?
5
What is the value of 6 - 6 - (2 - 3 - 0)?
1
What is the value of 2 + 5 - 9 - 4?
-6
What is (-2 + 0 + -3 - 5) + 2?
-8
Evaluate (3 + -1 - 3) + 5.
4
Evaluate (-12 - 3 - -12) + (-1 - -4).
0
What is 2 - 5 - -2 - 4?
-5
What is the value of (-5 - (3 - (1 - -3))) + 4?
0
-6 + (-4 - (-5 + -5))
0
12 + 10 + -5 + -8
9
What is the value of -4 - (3 + 1 - (7 + -6))?
-7
Evaluate 0 - -2 - -3 - 9.
-4
What is the value of -1 - -2 - (-4 + -4 + 13)?
-4
Calculate -13 + 17 + (-9 - 1).
-6
Evaluate 32 + -33 - (0 + 0).
-1
What is -3 - ((5 - 2) + -5)?
-1
What is the value of 8 - (-2 + (-8 - -16))?
2
Evaluate -1 + 2 + 3 + -5.
-1
What is 16 - (-2 + (0 - -10))?
8
Evaluate -10 + 11 + (-1 - 0) + 4.
4
What is (-6 + 3 + 2 - -3) + 0?
2
What is the value of 7 - (21 + -18 - (-7 + 2))?
-1
Calculate -1 + -2 - (6 - (7 + -2)).
-4
Evaluate 2 + 1 + (-3 - -2) - 2.
0
What is the value of -1 + 2 + 0 + (14 - 7)?
8
What is the value of -4 + (12 + -9 - -12)?
11
Evaluate (-4 - 0) + 4 + -1.
-1
Evaluate 5 + -1 - 2 - -2.
4
What is the value of 4 - ((4 - (-2 + 5)) + 7)?
-4
What is 6 - 3 - (-5 + 4)?
4
((-9 - -2) + 2 - -2) + 0
-3
Calculate (11 + -10 - 2) + 9.
8
25 - 1 - (-14 + 27)
11
Calculate (0 - 0) + (5 - 3) + 2.
4
-1 - (2 - 2 - 1)
0
-8 - (2 - 6) - -9
5
What is the value of (-2 - -3) + -5 + 7?
3
Evaluate 9 - (6 - (-12 - -1)).
-8
What is the value of (-3 - (0 + 2)) + (1 - -2)?
-2
(9 - 9) + 0 - (0 + -2)
2
Evaluate -4 - (-3 - 0) - (0 - 3).
2
What is the value of 2 - (4 + -3) - 0?
1
What is the value of -10 - (0 + -3) - -5?
-2
Evaluate 0 + 10 + -4 + -1.
5
12 + -13 - (1 + 0)
-2
Evaluate -2 + (3 - 2) + (11 - 11).
-1
(-5 - -5) + -3 + 1
-2
What is 2 + 1 + 4 + -3?
4
What is the value of 2 + 8 + -34 + 23?
-1
What is -1 + (7 - 9 - (4 - 7))?
0
14 + -8 - 5 - (0 - -4)
-3
What is -13 + 1 - (-37 + 22)?
3
What is 1 + 2 - (101 - 92)?
-6
What is the value of -3 - ((1 - 3 - -4) + -2)?
-3
Evaluate -7 + (7 - 4 - -5).
1
What is 4 - -6 - -1 - 7?
4
0 - -2 - (-3 - -11)
-6
-3 + (-5 - -5) + 7
4
What is -9 - (-8 - -9 - (10 - 2))?
-2
What is (5 - 6 - 6) + 6?
-1
What is (-3 + 3 - -2) + 3?
5
-1 - (-4 + 2 + 0) - 0
1
What is (0 - 1) + 7 + -8?
-2
Calculate (1 - (4 - -1)) + (8 - 4).
0
Evaluate (-1 - -4) + -3 - 5.
-5
12 + -17 + 2 + 8
5
Evaluate 5 - 2 - (-9 - -9) - 7.
-4
What is the value of (-2 - (3 - -2)) + -3 + 7?
-3
Calculate (3 - (7 + -5)) + (4 - 4).
1
Calculate 2 - 0 - 0 - (1 + 0).
1
Evaluate 0 - (3 - 7) - (-2 + 3).
3
39 - 29 - (3 + 4 + -3)
6
(8 - (3 - -7)) + (-1 - 6)
-9
Calculate -3 + 12 + (-12 - (1 + -4)).
0
Evaluate 3 - 9 - (-1 + -4).
-1
Evaluate -3 + (0 - -4 - 3).
-2
What is 2 + 7 + 37 + -50?
-4
What is (2 - 0 - -10) + -6?
6
What is the value of -7 - -3 - (0 + 0)?
-4
Evaluate -11 + (-7 - -1) + (-18 - -28).
-7
What is the value of (-1 + -3 - -6 - 2) + 3?
3
What is the value of (-1 - -3) + (-3 - (8 - 13))?
4
-1 - ((-1 - -1) + -3) - -5
7
What is the value of 8 + (7 - 10) - (9 + -3)?
-1
What is the value of -11 + 16 - (14 - (4 - 3))?
-8
Calculate 1 + (2 + 0 - 2).
1
Calculate 4 + -2 + (-4 - -5).
3
Calculate -3 + -1 - (24 - 30).
2
What is -17 - (-18 + (-2 - -11))?
-8
(6 - (8 + -6)) + 0 + -1
3
What is the value of 2 + 0 - (-7 - -2 - -6)?
1
Evaluate 0 + (-4 - 1) + 6.
1
Evaluate 5 + (4 - (8 + -5)).
6
Calculate (-26 - -24) + -3 + 3.
-2
What is the value of 2 - 10 - -2 - (-16 - -1)?
9
0 + 0 + (-4 - -2) + -2
-4
-6 + 16 + -8 + -5
-3
What is -6 - (-3 - (-3 - -2) - 1)?
-3
Calculate -5 + 1 - (5 + -11).
2
What